e ((-3)/2)/(20/(-40)). Suppose 99 + 243 = t*m. Calculate the highest common divisor of 6 and m.
6
Suppose 2*u - 35 = h, -5*u - 5*h = -10 - 115. What is the highest common factor of u and 16?
4
Let x be 18/1*9/6. Let d = 18 - 9. Suppose 324 = 12*b - d*b. Calculate the greatest common factor of x and b.
27
Let p be ((-320)/25)/(14/(-175)). What is the greatest common factor of p and 5?
5
Let s be (18*2/8)/(26/156). Calculate the highest common divisor of 486 and s.
27
Let g = -725 + 800. Calculate the highest common factor of 1020 and g.
15
Let x = -4 + 10. Suppose -b + x*b + 3*m = 1088, 5*b = -m + 1096. Let r be 14 + (-56)/7 - -14. Calculate the highest common factor of r and b.
20
Let u = -28 + 20. Let y = u - -24. Suppose i - 8 + 6 = 0. What is the greatest common factor of y and i?
2
Suppose 0 = j - 3*b - 34, 7*j - 194 = 2*j + 3*b. Suppose 3*g - n - 21 = 3*n, -n = 3. Suppose -t = g*t - 64. Calculate the greatest common factor of j and t.
8
Let r(s) = -s + 17. Let v be r(6). Let w = 17 - v. Suppose -w*p + p = -15. Calculate the highest common divisor of 21 and p.
3
Suppose 70 = 3*n + 5*d, -4*n + 76 = 8*d - 10*d. What is the greatest common factor of 295 and n?
5
Suppose 98 = -u - 3*q + 15, 2*q = 4*u + 262. Let c be 2/(-11) - 24/(-11). Let z be (u/8 + c)*-8. Calculate the highest common factor of z and 130.
26
Suppose 4*o - 45 = 107. Let f = -47 - -46. Let j be ((-2)/(-4))/(189/(-190) - f). Calculate the highest common factor of j and o.
19
Let g(j) = -j**2. Let d(u) = -28*u**2 + 1 - 2*u + 4 - 4*u. Let q(h) = -d(h) + 5*g(h). Let s be q(3). What is the highest common divisor of 20 and s?
20
Let c be (12 - (1 - -1))/((-1)/(-2)). Suppose -2*l = 6 + 4, 4*l - c = -5*d. Suppose -4*f = -1 - 3. Calculate the highest common divisor of f and d.
1
Suppose -6*w + 102 + 228 = 0. Let b(j) = -j + 12. Let l be b(7). Calculate the greatest common divisor of l and w.
5
Suppose o + 726 = 12*o. Let v = o + -34. Calculate the greatest common divisor of 128 and v.
32
Suppose 3*n = 5*c - 2*c - 6, c + 2*n = 2. Suppose -d = -r - 77, d - c*r - 10 - 64 = 0. Calculate the highest common divisor of d and 20.
20
Suppose r + 71 = 77. What is the highest common factor of 32 and r?
2
Let n = -78 + 99. What is the highest common factor of 84 and n?
21
Suppose -4*z + 3*b = -225, 3*z + 6*b - 141 = 69. Calculate the highest common factor of 24 and z.
12
Suppose -2*b + 0*b - 4 = 0. Let f be 20 + (b - 8/(-4)). What is the greatest common factor of 80 and f?
20
Suppose -26 = -4*o - 10, -5*d + 84 = o. What is the highest common divisor of d and 368?
16
Let x = -61 - -72. What is the highest common factor of x and 352?
11
Let s be 28/42 - 184/(-12). What is the greatest common divisor of s and 512?
16
Let w = 275 - 100. Suppose 6*p + y = 3*p - w, -2*p + 5*y = 128. Let r = 46 - p. Calculate the highest common divisor of 15 and r.
15
Suppose a + 6 - 2 = 0. Let x be 285/21 - a/(-7). What is the greatest common factor of x and 91?
13
Let h be (28/(-16))/(3/(-12)). Suppose -5*t = 2*r - 29, -2*r - 4 = -3*t + h. What is the greatest common factor of t and 50?
5
Let r be 4/1*(0 + -1). Let u be (1*r*1)/(-1). Let s be 4/u - 3 - -6. What is the greatest common factor of s and 32?
4
Let z = 336 + -243. Calculate the highest common divisor of 124 and z.
31
Suppose 0 = 3*q - 3, 3*k = k - 3*q + 9. Suppose -5*o + 113 = i + 2, -85 = -k*o + 4*i. What is the highest common divisor of 23 and o?
23
Suppose z = 1, -3*m + 82 = m - 2*z. Calculate the greatest common factor of m and 1281.
21
Let g = 546 + -532. What is the highest common divisor of g and 16?
2
Let o = 40 + -18. Suppose 5*c = -4*d + 78 - o, 0 = -d - 3*c + 14. What is the highest common factor of d and 14?
14
Let o be ((-50)/(-35))/(-5 - (-704)/140). Let l = 21 + -11. What is the highest common divisor of o and l?
10
Suppose 0*z = -2*z + 42. Suppose 2*o - 28 - 14 = 0. Calculate the greatest common divisor of z and o.
21
Let n = 2 - 2. Suppose 3*k - 9 = -n. Let a(r) = r + 2. Let g be a(0). What is the highest common factor of g and k?
1
Let i = 23 + -39. Let c = i - -19. Let g(s) = 3*s**2 + 3*s - 2. Let u be g(c). What is the highest common factor of 272 and u?
34
Let q = -13 + 18. Suppose -4*d + 200 = d. Calculate the highest common factor of d and q.
5
Suppose 63*k - 88 = -v + 64*k, -440 = -5*v - 2*k. Calculate the highest common divisor of v and 55.
11
Let x = -278 - -562. Let i be 14/63 + x/18. What is the highest common divisor of i and 128?
16
Suppose 9*z + 2*v = 13*z - 40, 5*v = -10. What is the greatest common factor of 21 and z?
3
Suppose n - 81 = 199. What is the highest common factor of 112 and n?
56
Let l = -615 - -1047. What is the highest common divisor of 24 and l?
24
Let i(g) = -2*g - 11. Let a be i(10). Let d = a - -49. Calculate the greatest common divisor of d and 45.
9
Let r(l) = l**2 - 15*l + 2. Let c be r(15). Suppose m - 83 = -79. Calculate the greatest common divisor of m and c.
2
Let c(b) = b - 3. Let t be c(5). Let u = t - -18. What is the highest common divisor of u and 30?
10
Let y(n) = -9*n**3 + n**2 - 9*n - 13. Let a be y(-4). What is the greatest common divisor of 15 and a?
15
Let y = 8 - 12. Let s = 6 + y. Let r = 20 - 17. Calculate the highest common divisor of r and s.
1
Let v(a) = -3*a - 3. Let r be v(2). Let n(w) = w**3 + 9*w**2 + w + 8. Let s be n(r). Let p be 34 - (s + -1)/2. Calculate the greatest common factor of 14 and p.
7
Let t = 253 - 190. What is the highest common factor of 168 and t?
21
Let j = -36 - -56. Let z be 175/j - (-1)/4. Suppose -t - z + 47 = 0. Calculate the greatest common factor of 57 and t.
19
Let x(i) = i**3 - 14*i**2 - 18*i + 117. Let c be x(15). Calculate the greatest common divisor of c and 306.
18
Suppose 0 = 4*c, 0 = a - c - 3*c - 42. Suppose g = -g + a. Calculate the greatest common factor of 3 and g.
3
Let k = 27 + -26. Let l be (k + -1)/(-3) + 40. What is the highest common factor of 60 and l?
20
Let i(u) = 2*u**2 + 2*u - 1. Let x be i(1). Let c be 40/2 - (x + -5). Calculate the greatest common factor of c and 11.
11
Suppose -19 = 4*m - 3. Let s be (8/6)/(m*(-2)/1188). Let t = -43 + 61. Calculate the highest common factor of s and t.
18
Suppose 4*h - 52 = -4*q, -4*h - 5*q + 24 = -32. Suppose 105 = -2*s - 3*s. Let f be (-122)/(-14) - 6/s. Calculate the highest common factor of h and f.
9
Let n = 2142 - 2076. Suppose 4*p = -2*r - 30 + 116, 2*r = 5*p - 112. Calculate the highest common factor of n and p.
22
Suppose -13*c - 25 = -337. What is the highest common divisor of c and 32?
8
Suppose 51*v - 54*v + 381 = r, 3*v = -5*r + 393. What is the greatest common factor of v and 27?
9
Let g be 1 + -1*1/(-1). Let l(x) = 9*x**3 - 2*x**2 - 4*x + 7. Let v be l(g). Calculate the highest common factor of 42 and v.
21
Suppose -3*a + 423 - 78 = 0. Suppose -127 = -4*k - k + 3*y, 0 = -3*k - 4*y + 53. What is the greatest common divisor of a and k?
23
Suppose y - 1328 = -1292. Calculate the highest common divisor of 180 and y.
36
Let j = 366 + -190. Suppose 59 = -3*x + j. What is the highest common divisor of x and 13?
13
Let n = -8 + 10. Let v = 108 - 106. Calculate the greatest common factor of v and n.
2
Let c(w) = 2*w**3 + 14*w**2 - 13*w + 98. Let s be c(-8). Let u be (-2)/(-8) + (-1478)/(-8). Calculate the highest common divisor of u and s.
37
Let r = -26 + 62. Let u(x) = -3*x + 1. Let l be u(-1). Suppose 0 = -3*d + 3*q + 43 - l, d = -5*q + 43. What is the greatest common factor of r and d?
18
Let n(y) = 11*y - 33. Let z be n(15). Suppose 4 + 8 = 3*b. Suppose 0 = -4*q + 8*a - b*a + 48, 5*a = 0. Calculate the greatest common divisor of q and z.
12
Suppose 0 = -4*a + 4, 0*a + 2*a - 2 = 4*u. Suppose u = -2*b + 331 - 79. Let w be b/5 - (-24)/30. Calculate the highest common divisor of 65 and w.
13
Let v = -3341 - -4751. Let h be (-10)/40 + v/8. Suppose 2*x - 3*y - 32 = 0, 0 = -0*x + 2*x + 4*y - 60. What is the greatest common factor of x and h?
22
Suppose -3*v + 111 = -93. Calculate the greatest common factor of 1088 and v.
68
Let g be 21 + -6 + (-35)/(-5). Let t(z) = -z - 3. Let l be t(-6). Suppose -l*p = -2 - 31. What is the highest common divisor of p and g?
11
Suppose -2*f - z + 4 = 0, z - 6 = -2. Suppose f = -3*h + 5*h - 20. Let d be h + -14 + (-88)/(-2). What is the greatest common fa